{"id":1639,"date":"2024-03-06T13:02:54","date_gmt":"2024-03-06T13:02:54","guid":{"rendered":"https:\/\/talladeferro.com\/?page_id=1639"},"modified":"2025-04-01T04:43:10","modified_gmt":"2025-04-01T04:43:10","slug":"qui-som","status":"publish","type":"page","link":"https:\/\/talladeferro.com\/es\/qui-som\/","title":{"rendered":"\u00bfQui\u00e9n somos?"},"content":{"rendered":"<div class=\"gb-container gb-container-57136950\"><\/div>\n\n<div class=\"gb-container gb-container-c2ece0ba\">\n<div class=\"gb-container gb-container-d7e496a1\">\n\n<h3 class=\"gb-headline gb-headline-53f78a43 gb-headline-text\">Dos aficionadas bien encontradas<\/h3>\n\n\n\n<p>\u00bfSab\u00e9is aquellas historias que pasan una tarde cualquiera hablando entre amigas?<\/p>\n\n\n\n<p>Pues as\u00ed nace Tall(a) de Ferro, la <strong>Maike Volk<\/strong>, artesana e impulsora de la idea propuso a la <strong>Miriam Nieto<\/strong>, motivada y dise\u00f1adora gr\u00e1fica, que estar\u00eda bien hacer una tienda en l\u00ednea de productos artesanos de hierro.<\/p>\n\n<\/div>\n\n<div class=\"gb-container gb-container-191d4bee\">\n\n<h3 class=\"gb-headline gb-headline-ed8df093 gb-headline-text\">\u00bfPorqu\u00e9 Tall(a) de Ferro?<\/h3>\n\n\n\n<p>Aquel d\u00eda era uno 8M y nos est\u00e1bamos manifestando por los derechos de las mujeres, por la igualdad, por un mundo m\u00e1s justo. Y a pesar de ser dos personas muy diferentes, ambas tenemos estos valores en com\u00fan. Resistencia para dar a conocer las mujeres en \u00e1mbitos donde son ignoradas y\/o ninguneadas, fuerza para una transici\u00f3n donde la mujer pueda ser libre en cualquier \u00e1mbito, y liberarse de tantos estereotipos impuestos constantemente por la sociedad.<\/p>\n\n\n\n<p>Salimos de las tall(a)s impuestas y somos contundentes como el hierro para un reconocimiento e igualdad de base.<\/p>\n\n<\/div>\n<\/div>\n\n<div class=\"gb-container gb-container-d3c2ca5e\">\n<div class=\"gb-container gb-container-0b055df0\">\n\n<h3 class=\"gb-headline gb-headline-e3038518 gb-headline-text\">Vols contactar amb nosaltres?<\/h3>\n\n\n\n<p>Escriu-nos a <a href=\"mailto:hola@talladeferro.com\" target=\"_blank\" rel=\"noreferrer noopener\"><strong>hola@talladeferro.com<\/strong>. <\/a><\/p>\n\n<\/div>\n<\/div>\n\n<div class=\"gb-container gb-container-05d90c3c\">\n<div class=\"gb-container gb-container-95fdfa07\">\n\n<h3 class=\"gb-headline gb-headline-98a95dc4 gb-headline-text\">Dos aficionadas bien encontradas<\/h3>\n\n\n\n<p>\u00bfSab\u00e9is aquellas historias que pasan una tarde cualquiera hablando entre amigas?<\/p>\n\n\n\n<p>Pues as\u00ed nace Tall(a) de Ferro, la <strong>Maike Volk<\/strong>, artesana e impulsora de la idea propuso a la <strong>Miriam Nieto<\/strong>, motivada y dise\u00f1adora gr\u00e1fica, que estar\u00eda bien hacer una tienda en l\u00ednea de productos artesanos de hierro.<\/p>\n\n<\/div>\n\n<div class=\"gb-container gb-container-660ceca0\">\n\n<h3 class=\"gb-headline gb-headline-35f85827 gb-headline-text\">\u00bfPorqu\u00e9 Tall(a) de Ferro?<\/h3>\n\n\n\n<p>Aquel d\u00eda era uno 8M y nos est\u00e1bamos manifestando por los derechos de las mujeres, por la igualdad, por un mundo m\u00e1s justo. Y a pesar de ser dos personas muy diferentes, ambas tenemos estos valores en com\u00fan. Resistencia para dar a conocer las mujeres en \u00e1mbitos donde son ignoradas y\/o ninguneadas, fuerza para una transici\u00f3n donde la mujer pueda ser libre en cualquier \u00e1mbito, y liberarse de tantos estereotipos impuestos constantemente por la sociedad.<\/p>\n\n\n\n<p>Salimos de las tall(a)s impuestas y somos contundentes como el hierro para un reconocimiento e igualdad de base.<\/p>\n\n<\/div>\n\n<div class=\"gb-container gb-container-40298778\">\n\n<h3 class=\"gb-headline gb-headline-7a2ee8d3 gb-headline-text\">Vols contactar amb nosaltres?<\/h3>\n\n\n\n<p>Escriu-nos a <a href=\"mailto:hola@talladeferro.com\" target=\"_blank\" rel=\"noreferrer noopener\"><strong>hola@talladeferro.com<\/strong>. <\/a><\/p>\n\n<\/div>\n<\/div>","protected":false},"excerpt":{"rendered":"<p>Dues aficionades ben trobades Sabeu aquelles hist\u00f2ries que passen una tarda qualsevol parlant entre amigues? Doncs aix\u00ed neix Tall(a) de Ferro, la Maike Volk, artesana i impulsora de l&#8217;idea va proposar a la Miriam Nieto, motivada i dissenyadora gr\u00e0fica, que estaria b\u00e9 fer una botiga en l\u00ednia de productes artesans de ferro. Perqu\u00e8 Tall(a) de &#8230; <a title=\"\u00bfQui\u00e9n somos?\" class=\"read-more\" href=\"https:\/\/talladeferro.com\/es\/qui-som\/\" aria-label=\"Leer m\u00e1s sobre Qui som?\">Leer m\u00e1s<\/a><\/p>","protected":false},"author":1,"featured_media":0,"parent":0,"menu_order":0,"comment_status":"closed","ping_status":"closed","template":"","meta":{"footnotes":""},"class_list":["post-1639","page","type-page","status-publish"],"yoast_head":"<!-- This site is optimized with the Yoast SEO plugin v25.3 - https:\/\/yoast.com\/wordpress\/plugins\/seo\/ -->\n<title>Qui som? - Tall(a) de Ferro<\/title>\n<meta name=\"description\" content=\"Tall(a) de Ferro Qui som? Sabeu aquelles hist\u00f2ries que passen una tarda qualsevol parlant entre amigues? Doncs aix\u00ed neix Tall(a) de Ferro, la Maike Volk, artesana i impulsora de l\u2019idea va proposar a la Miriam Nieto, motivada i dissenyadora gr\u00e0fica.\" \/>\n<meta name=\"robots\" content=\"index, follow, max-snippet:-1, max-image-preview:large, max-video-preview:-1\" \/>\n<link rel=\"canonical\" href=\"https:\/\/talladeferro.com\/es\/qui-som\/\" \/>\n<meta property=\"og:locale\" content=\"es_ES\" \/>\n<meta property=\"og:type\" content=\"article\" \/>\n<meta property=\"og:title\" content=\"Qui som? - Tall(a) de Ferro\" \/>\n<meta property=\"og:description\" content=\"Tall(a) de Ferro Qui som? Sabeu aquelles hist\u00f2ries que passen una tarda qualsevol parlant entre amigues? Doncs aix\u00ed neix Tall(a) de Ferro, la Maike Volk, artesana i impulsora de l\u2019idea va proposar a la Miriam Nieto, motivada i dissenyadora gr\u00e0fica.\" \/>\n<meta property=\"og:url\" content=\"https:\/\/talladeferro.com\/es\/qui-som\/\" \/>\n<meta property=\"og:site_name\" content=\"Tall(a) de Ferro\" \/>\n<meta property=\"article:modified_time\" content=\"2025-04-01T04:43:10+00:00\" \/>\n<meta name=\"twitter:card\" content=\"summary_large_image\" \/>\n<meta name=\"twitter:label1\" content=\"Tiempo de lectura\" \/>\n\t<meta name=\"twitter:data1\" content=\"2 minutos\" \/>\n<script type=\"application\/ld+json\" class=\"yoast-schema-graph\">{\"@context\":\"https:\/\/schema.org\",\"@graph\":[{\"@type\":\"WebPage\",\"@id\":\"https:\/\/talladeferro.com\/qui-som\/\",\"url\":\"https:\/\/talladeferro.com\/qui-som\/\",\"name\":\"Qui som? - Tall(a) de Ferro\",\"isPartOf\":{\"@id\":\"https:\/\/talladeferro.com\/#website\"},\"datePublished\":\"2024-03-06T13:02:54+00:00\",\"dateModified\":\"2025-04-01T04:43:10+00:00\",\"description\":\"Tall(a) de Ferro Qui som? Sabeu aquelles hist\u00f2ries que passen una tarda qualsevol parlant entre amigues? Doncs aix\u00ed neix Tall(a) de Ferro, la Maike Volk, artesana i impulsora de l\u2019idea va proposar a la Miriam Nieto, motivada i dissenyadora gr\u00e0fica.\",\"breadcrumb\":{\"@id\":\"https:\/\/talladeferro.com\/qui-som\/#breadcrumb\"},\"inLanguage\":\"es\",\"potentialAction\":[{\"@type\":\"ReadAction\",\"target\":[\"https:\/\/talladeferro.com\/qui-som\/\"]}]},{\"@type\":\"BreadcrumbList\",\"@id\":\"https:\/\/talladeferro.com\/qui-som\/#breadcrumb\",\"itemListElement\":[{\"@type\":\"ListItem\",\"position\":1,\"name\":\"Inici\",\"item\":\"https:\/\/talladeferro.com\/\"},{\"@type\":\"ListItem\",\"position\":2,\"name\":\"Qui som?\"}]},{\"@type\":\"WebSite\",\"@id\":\"https:\/\/talladeferro.com\/#website\",\"url\":\"https:\/\/talladeferro.com\/\",\"name\":\"Tall(a) de Ferro\",\"description\":\"L&#039;artesana del ferro.\",\"publisher\":{\"@id\":\"https:\/\/talladeferro.com\/#organization\"},\"potentialAction\":[{\"@type\":\"SearchAction\",\"target\":{\"@type\":\"EntryPoint\",\"urlTemplate\":\"https:\/\/talladeferro.com\/?s={search_term_string}\"},\"query-input\":{\"@type\":\"PropertyValueSpecification\",\"valueRequired\":true,\"valueName\":\"search_term_string\"}}],\"inLanguage\":\"es\"},{\"@type\":\"Organization\",\"@id\":\"https:\/\/talladeferro.com\/#organization\",\"name\":\"Tall(a) de Ferro\",\"url\":\"https:\/\/talladeferro.com\/\",\"logo\":{\"@type\":\"ImageObject\",\"inLanguage\":\"es\",\"@id\":\"https:\/\/talladeferro.com\/#\/schema\/logo\/image\/\",\"url\":\"https:\/\/talladeferro.com\/wp-content\/uploads\/2024\/03\/logo_talla_de_ferro.svg\",\"contentUrl\":\"https:\/\/talladeferro.com\/wp-content\/uploads\/2024\/03\/logo_talla_de_ferro.svg\",\"width\":268,\"height\":163,\"caption\":\"Tall(a) de Ferro\"},\"image\":{\"@id\":\"https:\/\/talladeferro.com\/#\/schema\/logo\/image\/\"},\"sameAs\":[\"https:\/\/www.instagram.com\/talla_de_ferro\/\"]}]}<\/script>\n<!-- \/ Yoast SEO plugin. -->","yoast_head_json":{"title":"Qui som? - Tall(a) de Ferro","description":"Tall(a) de Ferro Qui som? Sabeu aquelles hist\u00f2ries que passen una tarda qualsevol parlant entre amigues? Doncs aix\u00ed neix Tall(a) de Ferro, la Maike Volk, artesana i impulsora de l\u2019idea va proposar a la Miriam Nieto, motivada i dissenyadora gr\u00e0fica.","robots":{"index":"index","follow":"follow","max-snippet":"max-snippet:-1","max-image-preview":"max-image-preview:large","max-video-preview":"max-video-preview:-1"},"canonical":"https:\/\/talladeferro.com\/es\/qui-som\/","og_locale":"es_ES","og_type":"article","og_title":"Qui som? - Tall(a) de Ferro","og_description":"Tall(a) de Ferro Qui som? Sabeu aquelles hist\u00f2ries que passen una tarda qualsevol parlant entre amigues? Doncs aix\u00ed neix Tall(a) de Ferro, la Maike Volk, artesana i impulsora de l\u2019idea va proposar a la Miriam Nieto, motivada i dissenyadora gr\u00e0fica.","og_url":"https:\/\/talladeferro.com\/es\/qui-som\/","og_site_name":"Tall(a) de Ferro","article_modified_time":"2025-04-01T04:43:10+00:00","twitter_card":"summary_large_image","twitter_misc":{"Tiempo de lectura":"2 minutos"},"schema":{"@context":"https:\/\/schema.org","@graph":[{"@type":"WebPage","@id":"https:\/\/talladeferro.com\/qui-som\/","url":"https:\/\/talladeferro.com\/qui-som\/","name":"Qui som? - Tall(a) de Ferro","isPartOf":{"@id":"https:\/\/talladeferro.com\/#website"},"datePublished":"2024-03-06T13:02:54+00:00","dateModified":"2025-04-01T04:43:10+00:00","description":"Tall(a) de Ferro Qui som? Sabeu aquelles hist\u00f2ries que passen una tarda qualsevol parlant entre amigues? Doncs aix\u00ed neix Tall(a) de Ferro, la Maike Volk, artesana i impulsora de l\u2019idea va proposar a la Miriam Nieto, motivada i dissenyadora gr\u00e0fica.","breadcrumb":{"@id":"https:\/\/talladeferro.com\/qui-som\/#breadcrumb"},"inLanguage":"es","potentialAction":[{"@type":"ReadAction","target":["https:\/\/talladeferro.com\/qui-som\/"]}]},{"@type":"BreadcrumbList","@id":"https:\/\/talladeferro.com\/qui-som\/#breadcrumb","itemListElement":[{"@type":"ListItem","position":1,"name":"Inici","item":"https:\/\/talladeferro.com\/"},{"@type":"ListItem","position":2,"name":"Qui som?"}]},{"@type":"WebSite","@id":"https:\/\/talladeferro.com\/#website","url":"https:\/\/talladeferro.com\/","name":"Tall(a) de Ferro","description":"L&#039;artesana del ferro.","publisher":{"@id":"https:\/\/talladeferro.com\/#organization"},"potentialAction":[{"@type":"SearchAction","target":{"@type":"EntryPoint","urlTemplate":"https:\/\/talladeferro.com\/?s={search_term_string}"},"query-input":{"@type":"PropertyValueSpecification","valueRequired":true,"valueName":"search_term_string"}}],"inLanguage":"es"},{"@type":"Organization","@id":"https:\/\/talladeferro.com\/#organization","name":"Tall(a) de Ferro","url":"https:\/\/talladeferro.com\/","logo":{"@type":"ImageObject","inLanguage":"es","@id":"https:\/\/talladeferro.com\/#\/schema\/logo\/image\/","url":"https:\/\/talladeferro.com\/wp-content\/uploads\/2024\/03\/logo_talla_de_ferro.svg","contentUrl":"https:\/\/talladeferro.com\/wp-content\/uploads\/2024\/03\/logo_talla_de_ferro.svg","width":268,"height":163,"caption":"Tall(a) de Ferro"},"image":{"@id":"https:\/\/talladeferro.com\/#\/schema\/logo\/image\/"},"sameAs":["https:\/\/www.instagram.com\/talla_de_ferro\/"]}]}},"_links":{"self":[{"href":"https:\/\/talladeferro.com\/es\/wp-json\/wp\/v2\/pages\/1639","targetHints":{"allow":["GET"]}}],"collection":[{"href":"https:\/\/talladeferro.com\/es\/wp-json\/wp\/v2\/pages"}],"about":[{"href":"https:\/\/talladeferro.com\/es\/wp-json\/wp\/v2\/types\/page"}],"author":[{"embeddable":true,"href":"https:\/\/talladeferro.com\/es\/wp-json\/wp\/v2\/users\/1"}],"replies":[{"embeddable":true,"href":"https:\/\/talladeferro.com\/es\/wp-json\/wp\/v2\/comments?post=1639"}],"version-history":[{"count":17,"href":"https:\/\/talladeferro.com\/es\/wp-json\/wp\/v2\/pages\/1639\/revisions"}],"predecessor-version":[{"id":1803,"href":"https:\/\/talladeferro.com\/es\/wp-json\/wp\/v2\/pages\/1639\/revisions\/1803"}],"wp:attachment":[{"href":"https:\/\/talladeferro.com\/es\/wp-json\/wp\/v2\/media?parent=1639"}],"curies":[{"name":"wp","href":"https:\/\/api.w.org\/{rel}","templated":true}]}}

¿Quién somos?

<div class="gb-container gb-container-57136950"></div>

<div class="gb-container gb-container-c2ece0ba">
<div class="gb-container gb-container-d7e496a1">

<h3 class="gb-headline gb-headline-53f78a43 gb-headline-text">Dos aficionadas bien encontradas</h3>



<p>¿Sabéis aquellas historias que pasan una tarde cualquiera hablando entre amigas?</p>



<p>Pues así nace Tall(a) de Ferro, la <strong>Maike Volk</strong>, artesana e impulsora de la idea propuso a la <strong>Miriam Nieto</strong>, motivada y diseñadora gráfica, que estaría bien hacer una tienda en línea de productos artesanos de hierro.</p>

</div>

<div class="gb-container gb-container-191d4bee">

<h3 class="gb-headline gb-headline-ed8df093 gb-headline-text">¿Porqué Tall(a) de Ferro?</h3>



<p>Aquel día era uno 8M y nos estábamos manifestando por los derechos de las mujeres, por la igualdad, por un mundo más justo. Y a pesar de ser dos personas muy diferentes, ambas tenemos estos valores en común. Resistencia para dar a conocer las mujeres en ámbitos donde son ignoradas y/o ninguneadas, fuerza para una transición donde la mujer pueda ser libre en cualquier ámbito, y liberarse de tantos estereotipos impuestos constantemente por la sociedad.</p>



<p>Salimos de las tall(a)s impuestas y somos contundentes como el hierro para un reconocimiento e igualdad de base.</p>

</div>
</div>

<div class="gb-container gb-container-d3c2ca5e">
<div class="gb-container gb-container-0b055df0">

<h3 class="gb-headline gb-headline-e3038518 gb-headline-text">Vols contactar amb nosaltres?</h3>



<p>Escriu-nos a <a href="mailto:hola@talladeferro.com" target="_blank" rel="noreferrer noopener"><strong>hola@talladeferro.com</strong>. </a></p>

</div>
</div>

<div class="gb-container gb-container-05d90c3c">
<div class="gb-container gb-container-95fdfa07">

<h3 class="gb-headline gb-headline-98a95dc4 gb-headline-text">Dos aficionadas bien encontradas</h3>



<p>¿Sabéis aquellas historias que pasan una tarde cualquiera hablando entre amigas?</p>



<p>Pues así nace Tall(a) de Ferro, la <strong>Maike Volk</strong>, artesana e impulsora de la idea propuso a la <strong>Miriam Nieto</strong>, motivada y diseñadora gráfica, que estaría bien hacer una tienda en línea de productos artesanos de hierro.</p>

</div>

<div class="gb-container gb-container-660ceca0">

<h3 class="gb-headline gb-headline-35f85827 gb-headline-text">¿Porqué Tall(a) de Ferro?</h3>



<p>Aquel día era uno 8M y nos estábamos manifestando por los derechos de las mujeres, por la igualdad, por un mundo más justo. Y a pesar de ser dos personas muy diferentes, ambas tenemos estos valores en común. Resistencia para dar a conocer las mujeres en ámbitos donde son ignoradas y/o ninguneadas, fuerza para una transición donde la mujer pueda ser libre en cualquier ámbito, y liberarse de tantos estereotipos impuestos constantemente por la sociedad.</p>



<p>Salimos de las tall(a)s impuestas y somos contundentes como el hierro para un reconocimiento e igualdad de base.</p>

</div>

<div class="gb-container gb-container-40298778">

<h3 class="gb-headline gb-headline-7a2ee8d3 gb-headline-text">Vols contactar amb nosaltres?</h3>



<p>Escriu-nos a <a href="mailto:hola@talladeferro.com" target="_blank" rel="noreferrer noopener"><strong>hola@talladeferro.com</strong>. </a></p>

</div>
</div>

<p>Dues aficionades ben trobades Sabeu aquelles històries que passen una tarda qualsevol parlant entre amigues? Doncs així neix Tall(a) de Ferro, la Maike Volk, artesana i impulsora de l&#8217;idea va proposar a la Miriam Nieto, motivada i dissenyadora gràfica, que estaria bé fer una botiga en línia de productes artesans de ferro. Perquè Tall(a) de &#8230; <a title="¿Quién somos?" class="read-more" href="https://talladeferro.com/es/qui-som/" aria-label="Leer más sobre Qui som?">Leer más</a></p>

<!-- This site is optimized with the Yoast SEO plugin v25.3 - https://yoast.com/wordpress/plugins/seo/ -->
<title>Qui som? - Tall(a) de Ferro</title>
<meta name="description" content="Tall(a) de Ferro Qui som? Sabeu aquelles històries que passen una tarda qualsevol parlant entre amigues? Doncs així neix Tall(a) de Ferro, la Maike Volk, artesana i impulsora de l’idea va proposar a la Miriam Nieto, motivada i dissenyadora gràfica." />
<meta name="robots" content="index, follow, max-snippet:-1, max-image-preview:large, max-video-preview:-1" />
<link rel="canonical" href="https://talladeferro.com/es/qui-som/" />
<meta property="og:locale" content="es_ES" />
<meta property="og:type" content="article" />
<meta property="og:title" content="Qui som? - Tall(a) de Ferro" />
<meta property="og:description" content="Tall(a) de Ferro Qui som? Sabeu aquelles històries que passen una tarda qualsevol parlant entre amigues? Doncs així neix Tall(a) de Ferro, la Maike Volk, artesana i impulsora de l’idea va proposar a la Miriam Nieto, motivada i dissenyadora gràfica." />
<meta property="og:url" content="https://talladeferro.com/es/qui-som/" />
<meta property="og:site_name" content="Tall(a) de Ferro" />
<meta property="article:modified_time" content="2025-04-01T04:43:10+00:00" />
<meta name="twitter:card" content="summary_large_image" />
<meta name="twitter:label1" content="Tiempo de lectura" />
	<meta name="twitter:data1" content="2 minutos" />
<script type="application/ld+json" class="yoast-schema-graph">{"@context":"https://schema.org","@graph":[{"@type":"WebPage","@id":"https://talladeferro.com/qui-som/","url":"https://talladeferro.com/qui-som/","name":"Qui som? - Tall(a) de Ferro","isPartOf":{"@id":"https://talladeferro.com/#website"},"datePublished":"2024-03-06T13:02:54+00:00","dateModified":"2025-04-01T04:43:10+00:00","description":"Tall(a) de Ferro Qui som? Sabeu aquelles històries que passen una tarda qualsevol parlant entre amigues? Doncs així neix Tall(a) de Ferro, la Maike Volk, artesana i impulsora de l’idea va proposar a la Miriam Nieto, motivada i dissenyadora gràfica.","breadcrumb":{"@id":"https://talladeferro.com/qui-som/#breadcrumb"},"inLanguage":"es","potentialAction":[{"@type":"ReadAction","target":["https://talladeferro.com/qui-som/"]}]},{"@type":"BreadcrumbList","@id":"https://talladeferro.com/qui-som/#breadcrumb","itemListElement":[{"@type":"ListItem","position":1,"name":"Inici","item":"https://talladeferro.com/"},{"@type":"ListItem","position":2,"name":"Qui som?"}]},{"@type":"WebSite","@id":"https://talladeferro.com/#website","url":"https://talladeferro.com/","name":"Tall(a) de Ferro","description":"L&#039;artesana del ferro.","publisher":{"@id":"https://talladeferro.com/#organization"},"potentialAction":[{"@type":"SearchAction","target":{"@type":"EntryPoint","urlTemplate":"https://talladeferro.com/?s={search_term_string}"},"query-input":{"@type":"PropertyValueSpecification","valueRequired":true,"valueName":"search_term_string"}}],"inLanguage":"es"},{"@type":"Organization","@id":"https://talladeferro.com/#organization","name":"Tall(a) de Ferro","url":"https://talladeferro.com/","logo":{"@type":"ImageObject","inLanguage":"es","@id":"https://talladeferro.com/#/schema/logo/image/","url":"https://talladeferro.com/wp-content/uploads/2024/03/logo_talla_de_ferro.svg","contentUrl":"https://talladeferro.com/wp-content/uploads/2024/03/logo_talla_de_ferro.svg","width":268,"height":163,"caption":"Tall(a) de Ferro"},"image":{"@id":"https://talladeferro.com/#/schema/logo/image/"},"sameAs":["https://www.instagram.com/talla_de_ferro/"]}]}</script>
<!-- / Yoast SEO plugin. -->

Tall(a) de Ferro Qui som? Sabeu aquelles històries que passen una tarda qualsevol parlant entre amigues? Doncs així neix Tall(a) de Ferro, la Maike Volk, artesana i impulsora de l’idea va proposar a la Miriam Nieto, motivada i dissenyadora gràfica.
