{"id":387,"date":"2024-02-08T23:48:01","date_gmt":"2024-02-08T23:48:01","guid":{"rendered":"https:\/\/gpsites.co\/woo-new\/?post_type=product&#038;p=387"},"modified":"2024-03-26T14:59:53","modified_gmt":"2024-03-26T14:59:53","slug":"geometrik-penjador-roba","status":"publish","type":"product","link":"https:\/\/talladeferro.com\/es\/producto\/geometrik-penjador-roba\/","title":{"rendered":"GEOMETRIK"},"content":{"rendered":"<p>Optimitza l&#8217;espai i afegeix un toc r\u00fastic amb el Penjador de Roba de Ferro de Tall(a) de Ferro GEOMETRIK. Aquest penjador de roba combina la robustesa del ferro amb un disseny elegant, oferint una soluci\u00f3 pr\u00e0ctica i estilosa per organitzar la teva roba. Amb la seva instal\u00b7laci\u00f3 senzilla i la durabilitat caracter\u00edstica de Tall(a) de Ferro, aquest penjador \u00e9s l&#8217;elecci\u00f3 perfecta per a un espai funcional i amb estil.<\/p>","protected":false},"excerpt":{"rendered":"<p><strong>Penjador de roba de ferro.<\/strong><\/p>\n<p>Optimitza l&#8217;espai i afegeix un toc r\u00fastic amb el Penjador de Ropa de Ferro de Tall(a) de Ferro GEOMETRIK.<\/p>\n<p>Aquest penjador de roba combina la robustesa del ferro amb un disseny elegant, oferint una soluci\u00f3 pr\u00e0ctica i estilosa per organitzar la teva roba. Amb la seva instal\u00b7laci\u00f3 senzilla i la durabilitat caracter\u00edstica de Tall(a) de Ferro, aquest penjador \u00e9s l&#8217;elecci\u00f3 perfecta per a un espai funcional i amb estil.<\/p>","protected":false},"featured_media":1715,"comment_status":"open","ping_status":"closed","template":"","meta":[],"product_brand":[],"product_cat":[25],"product_tag":[],"class_list":{"0":"post-387","1":"product","2":"type-product","3":"status-publish","4":"has-post-thumbnail","6":"product_cat-ferro","7":"sales-flash-overlay","8":"woocommerce-text-align-left","9":"woocommerce-image-align-center","10":"do-quantity-buttons","12":"first","13":"instock","14":"shipping-taxable","15":"purchasable","16":"product-type-simple"},"yoast_head":"<!-- This site is optimized with the Yoast SEO plugin v25.3 - https:\/\/yoast.com\/wordpress\/plugins\/seo\/ -->\n<title>GEOMETRIK - Tall(a) de Ferro<\/title>\n<meta name=\"robots\" content=\"index, follow, max-snippet:-1, max-image-preview:large, max-video-preview:-1\" \/>\n<link rel=\"canonical\" href=\"https:\/\/talladeferro.com\/es\/producto\/geometrik-penjador-roba\/\" \/>\n<meta property=\"og:locale\" content=\"es_ES\" \/>\n<meta property=\"og:type\" content=\"article\" \/>\n<meta property=\"og:title\" content=\"GEOMETRIK - Tall(a) de Ferro\" \/>\n<meta property=\"og:description\" content=\"Penjador de roba de ferro.  Optimitza l&#039;espai i afegeix un toc r\u00fastic amb el Penjador de Ropa de Ferro de Tall(a) de Ferro GEOMETRIK.  Aquest penjador de roba combina la robustesa del ferro amb un disseny elegant, oferint una soluci\u00f3 pr\u00e0ctica i estilosa per organitzar la teva roba. Amb la seva instal\u00b7laci\u00f3 senzilla i la durabilitat caracter\u00edstica de Tall(a) de Ferro, aquest penjador \u00e9s l&#039;elecci\u00f3 perfecta per a un espai funcional i amb estil.\" \/>\n<meta property=\"og:url\" content=\"https:\/\/talladeferro.com\/es\/producto\/geometrik-penjador-roba\/\" \/>\n<meta property=\"og:site_name\" content=\"Tall(a) de Ferro\" \/>\n<meta property=\"article:modified_time\" content=\"2024-03-26T14:59:53+00:00\" \/>\n<meta property=\"og:image\" content=\"https:\/\/talladeferro.com\/wp-content\/uploads\/2024\/02\/GEOMETRIK_Penjador-de-roba.jpg\" \/>\n\t<meta property=\"og:image:width\" content=\"1080\" \/>\n\t<meta property=\"og:image:height\" content=\"1080\" \/>\n\t<meta property=\"og:image:type\" content=\"image\/jpeg\" \/>\n<meta name=\"twitter:card\" content=\"summary_large_image\" \/>\n<script type=\"application\/ld+json\" class=\"yoast-schema-graph\">{\"@context\":\"https:\/\/schema.org\",\"@graph\":[{\"@type\":\"WebPage\",\"@id\":\"https:\/\/talladeferro.com\/producte\/geometrik-penjador-roba\/\",\"url\":\"https:\/\/talladeferro.com\/producte\/geometrik-penjador-roba\/\",\"name\":\"GEOMETRIK - Tall(a) de Ferro\",\"isPartOf\":{\"@id\":\"https:\/\/talladeferro.com\/#website\"},\"primaryImageOfPage\":{\"@id\":\"https:\/\/talladeferro.com\/producte\/geometrik-penjador-roba\/#primaryimage\"},\"image\":{\"@id\":\"https:\/\/talladeferro.com\/producte\/geometrik-penjador-roba\/#primaryimage\"},\"thumbnailUrl\":\"https:\/\/talladeferro.com\/wp-content\/uploads\/2024\/02\/GEOMETRIK_Penjador-de-roba.jpg\",\"datePublished\":\"2024-02-08T23:48:01+00:00\",\"dateModified\":\"2024-03-26T14:59:53+00:00\",\"breadcrumb\":{\"@id\":\"https:\/\/talladeferro.com\/producte\/geometrik-penjador-roba\/#breadcrumb\"},\"inLanguage\":\"es\",\"potentialAction\":[{\"@type\":\"ReadAction\",\"target\":[\"https:\/\/talladeferro.com\/producte\/geometrik-penjador-roba\/\"]}]},{\"@type\":\"ImageObject\",\"inLanguage\":\"es\",\"@id\":\"https:\/\/talladeferro.com\/producte\/geometrik-penjador-roba\/#primaryimage\",\"url\":\"https:\/\/talladeferro.com\/wp-content\/uploads\/2024\/02\/GEOMETRIK_Penjador-de-roba.jpg\",\"contentUrl\":\"https:\/\/talladeferro.com\/wp-content\/uploads\/2024\/02\/GEOMETRIK_Penjador-de-roba.jpg\",\"width\":1080,\"height\":1080,\"caption\":\"Penjador, armari, casa, original, creativitat, creativa, creatiu, artesania, ferro, minimal, disseny, Talla de Ferro, dona, feminisme, casa, decoraci\u00f3, mobiliari, a mida, personalitzat.\"},{\"@type\":\"BreadcrumbList\",\"@id\":\"https:\/\/talladeferro.com\/producte\/geometrik-penjador-roba\/#breadcrumb\",\"itemListElement\":[{\"@type\":\"ListItem\",\"position\":1,\"name\":\"Inici\",\"item\":\"https:\/\/talladeferro.com\/\"},{\"@type\":\"ListItem\",\"position\":2,\"name\":\"Productes\",\"item\":\"https:\/\/talladeferro.com\/shop\/\"},{\"@type\":\"ListItem\",\"position\":3,\"name\":\"GEOMETRIK\"}]},{\"@type\":\"WebSite\",\"@id\":\"https:\/\/talladeferro.com\/#website\",\"url\":\"https:\/\/talladeferro.com\/\",\"name\":\"Tall(a) de Ferro\",\"description\":\"L&#039;artesana del ferro.\",\"publisher\":{\"@id\":\"https:\/\/talladeferro.com\/#organization\"},\"potentialAction\":[{\"@type\":\"SearchAction\",\"target\":{\"@type\":\"EntryPoint\",\"urlTemplate\":\"https:\/\/talladeferro.com\/?s={search_term_string}\"},\"query-input\":{\"@type\":\"PropertyValueSpecification\",\"valueRequired\":true,\"valueName\":\"search_term_string\"}}],\"inLanguage\":\"es\"},{\"@type\":\"Organization\",\"@id\":\"https:\/\/talladeferro.com\/#organization\",\"name\":\"Tall(a) de Ferro\",\"url\":\"https:\/\/talladeferro.com\/\",\"logo\":{\"@type\":\"ImageObject\",\"inLanguage\":\"es\",\"@id\":\"https:\/\/talladeferro.com\/#\/schema\/logo\/image\/\",\"url\":\"https:\/\/talladeferro.com\/wp-content\/uploads\/2024\/03\/logo_talla_de_ferro.svg\",\"contentUrl\":\"https:\/\/talladeferro.com\/wp-content\/uploads\/2024\/03\/logo_talla_de_ferro.svg\",\"width\":268,\"height\":163,\"caption\":\"Tall(a) de Ferro\"},\"image\":{\"@id\":\"https:\/\/talladeferro.com\/#\/schema\/logo\/image\/\"},\"sameAs\":[\"https:\/\/www.instagram.com\/talla_de_ferro\/\"]}]}<\/script>\n<!-- \/ Yoast SEO plugin. -->","yoast_head_json":{"title":"GEOMETRIK - Tall(a) de Ferro","robots":{"index":"index","follow":"follow","max-snippet":"max-snippet:-1","max-image-preview":"max-image-preview:large","max-video-preview":"max-video-preview:-1"},"canonical":"https:\/\/talladeferro.com\/es\/producto\/geometrik-penjador-roba\/","og_locale":"es_ES","og_type":"article","og_title":"GEOMETRIK - Tall(a) de Ferro","og_description":"Penjador de roba de ferro.  Optimitza l'espai i afegeix un toc r\u00fastic amb el Penjador de Ropa de Ferro de Tall(a) de Ferro GEOMETRIK.  Aquest penjador de roba combina la robustesa del ferro amb un disseny elegant, oferint una soluci\u00f3 pr\u00e0ctica i estilosa per organitzar la teva roba. Amb la seva instal\u00b7laci\u00f3 senzilla i la durabilitat caracter\u00edstica de Tall(a) de Ferro, aquest penjador \u00e9s l'elecci\u00f3 perfecta per a un espai funcional i amb estil.","og_url":"https:\/\/talladeferro.com\/es\/producto\/geometrik-penjador-roba\/","og_site_name":"Tall(a) de Ferro","article_modified_time":"2024-03-26T14:59:53+00:00","og_image":[{"width":1080,"height":1080,"url":"https:\/\/talladeferro.com\/wp-content\/uploads\/2024\/02\/GEOMETRIK_Penjador-de-roba.jpg","type":"image\/jpeg"}],"twitter_card":"summary_large_image","schema":{"@context":"https:\/\/schema.org","@graph":[{"@type":"WebPage","@id":"https:\/\/talladeferro.com\/producte\/geometrik-penjador-roba\/","url":"https:\/\/talladeferro.com\/producte\/geometrik-penjador-roba\/","name":"GEOMETRIK - Tall(a) de Ferro","isPartOf":{"@id":"https:\/\/talladeferro.com\/#website"},"primaryImageOfPage":{"@id":"https:\/\/talladeferro.com\/producte\/geometrik-penjador-roba\/#primaryimage"},"image":{"@id":"https:\/\/talladeferro.com\/producte\/geometrik-penjador-roba\/#primaryimage"},"thumbnailUrl":"https:\/\/talladeferro.com\/wp-content\/uploads\/2024\/02\/GEOMETRIK_Penjador-de-roba.jpg","datePublished":"2024-02-08T23:48:01+00:00","dateModified":"2024-03-26T14:59:53+00:00","breadcrumb":{"@id":"https:\/\/talladeferro.com\/producte\/geometrik-penjador-roba\/#breadcrumb"},"inLanguage":"es","potentialAction":[{"@type":"ReadAction","target":["https:\/\/talladeferro.com\/producte\/geometrik-penjador-roba\/"]}]},{"@type":"ImageObject","inLanguage":"es","@id":"https:\/\/talladeferro.com\/producte\/geometrik-penjador-roba\/#primaryimage","url":"https:\/\/talladeferro.com\/wp-content\/uploads\/2024\/02\/GEOMETRIK_Penjador-de-roba.jpg","contentUrl":"https:\/\/talladeferro.com\/wp-content\/uploads\/2024\/02\/GEOMETRIK_Penjador-de-roba.jpg","width":1080,"height":1080,"caption":"Penjador, armari, casa, original, creativitat, creativa, creatiu, artesania, ferro, minimal, disseny, Talla de Ferro, dona, feminisme, casa, decoraci\u00f3, mobiliari, a mida, personalitzat."},{"@type":"BreadcrumbList","@id":"https:\/\/talladeferro.com\/producte\/geometrik-penjador-roba\/#breadcrumb","itemListElement":[{"@type":"ListItem","position":1,"name":"Inici","item":"https:\/\/talladeferro.com\/"},{"@type":"ListItem","position":2,"name":"Productes","item":"https:\/\/talladeferro.com\/shop\/"},{"@type":"ListItem","position":3,"name":"GEOMETRIK"}]},{"@type":"WebSite","@id":"https:\/\/talladeferro.com\/#website","url":"https:\/\/talladeferro.com\/","name":"Tall(a) de Ferro","description":"L&#039;artesana del ferro.","publisher":{"@id":"https:\/\/talladeferro.com\/#organization"},"potentialAction":[{"@type":"SearchAction","target":{"@type":"EntryPoint","urlTemplate":"https:\/\/talladeferro.com\/?s={search_term_string}"},"query-input":{"@type":"PropertyValueSpecification","valueRequired":true,"valueName":"search_term_string"}}],"inLanguage":"es"},{"@type":"Organization","@id":"https:\/\/talladeferro.com\/#organization","name":"Tall(a) de Ferro","url":"https:\/\/talladeferro.com\/","logo":{"@type":"ImageObject","inLanguage":"es","@id":"https:\/\/talladeferro.com\/#\/schema\/logo\/image\/","url":"https:\/\/talladeferro.com\/wp-content\/uploads\/2024\/03\/logo_talla_de_ferro.svg","contentUrl":"https:\/\/talladeferro.com\/wp-content\/uploads\/2024\/03\/logo_talla_de_ferro.svg","width":268,"height":163,"caption":"Tall(a) de Ferro"},"image":{"@id":"https:\/\/talladeferro.com\/#\/schema\/logo\/image\/"},"sameAs":["https:\/\/www.instagram.com\/talla_de_ferro\/"]}]}},"_links":{"self":[{"href":"https:\/\/talladeferro.com\/es\/wp-json\/wp\/v2\/product\/387","targetHints":{"allow":["GET"]}}],"collection":[{"href":"https:\/\/talladeferro.com\/es\/wp-json\/wp\/v2\/product"}],"about":[{"href":"https:\/\/talladeferro.com\/es\/wp-json\/wp\/v2\/types\/product"}],"replies":[{"embeddable":true,"href":"https:\/\/talladeferro.com\/es\/wp-json\/wp\/v2\/comments?post=387"}],"wp:featuredmedia":[{"embeddable":true,"href":"https:\/\/talladeferro.com\/es\/wp-json\/wp\/v2\/media\/1715"}],"wp:attachment":[{"href":"https:\/\/talladeferro.com\/es\/wp-json\/wp\/v2\/media?parent=387"}],"wp:term":[{"taxonomy":"product_brand","embeddable":true,"href":"https:\/\/talladeferro.com\/es\/wp-json\/wp\/v2\/product_brand?post=387"},{"taxonomy":"product_cat","embeddable":true,"href":"https:\/\/talladeferro.com\/es\/wp-json\/wp\/v2\/product_cat?post=387"},{"taxonomy":"product_tag","embeddable":true,"href":"https:\/\/talladeferro.com\/es\/wp-json\/wp\/v2\/product_tag?post=387"}],"curies":[{"name":"wp","href":"https:\/\/api.w.org\/{rel}","templated":true}]}}

<p>Optimitza l&#8217;espai i afegeix un toc rústic amb el Penjador de Roba de Ferro de Tall(a) de Ferro GEOMETRIK. Aquest penjador de roba combina la robustesa del ferro amb un disseny elegant, oferint una solució pràctica i estilosa per organitzar la teva roba. Amb la seva instal·lació senzilla i la durabilitat característica de Tall(a) de Ferro, aquest penjador és l&#8217;elecció perfecta per a un espai funcional i amb estil.</p>

<p><strong>Penjador de roba de ferro.</strong></p>
<p>Optimitza l&#8217;espai i afegeix un toc rústic amb el Penjador de Ropa de Ferro de Tall(a) de Ferro GEOMETRIK.</p>
<p>Aquest penjador de roba combina la robustesa del ferro amb un disseny elegant, oferint una solució pràctica i estilosa per organitzar la teva roba. Amb la seva instal·lació senzilla i la durabilitat característica de Tall(a) de Ferro, aquest penjador és l&#8217;elecció perfecta per a un espai funcional i amb estil.</p>

<!-- This site is optimized with the Yoast SEO plugin v25.3 - https://yoast.com/wordpress/plugins/seo/ -->
<title>GEOMETRIK - Tall(a) de Ferro</title>
<meta name="robots" content="index, follow, max-snippet:-1, max-image-preview:large, max-video-preview:-1" />
<link rel="canonical" href="https://talladeferro.com/es/producto/geometrik-penjador-roba/" />
<meta property="og:locale" content="es_ES" />
<meta property="og:type" content="article" />
<meta property="og:title" content="GEOMETRIK - Tall(a) de Ferro" />
<meta property="og:description" content="Penjador de roba de ferro.  Optimitza l&#039;espai i afegeix un toc rústic amb el Penjador de Ropa de Ferro de Tall(a) de Ferro GEOMETRIK.  Aquest penjador de roba combina la robustesa del ferro amb un disseny elegant, oferint una solució pràctica i estilosa per organitzar la teva roba. Amb la seva instal·lació senzilla i la durabilitat característica de Tall(a) de Ferro, aquest penjador és l&#039;elecció perfecta per a un espai funcional i amb estil." />
<meta property="og:url" content="https://talladeferro.com/es/producto/geometrik-penjador-roba/" />
<meta property="og:site_name" content="Tall(a) de Ferro" />
<meta property="article:modified_time" content="2024-03-26T14:59:53+00:00" />
<meta property="og:image" content="https://talladeferro.com/wp-content/uploads/2024/02/GEOMETRIK_Penjador-de-roba.jpg" />
	<meta property="og:image:width" content="1080" />
	<meta property="og:image:height" content="1080" />
	<meta property="og:image:type" content="image/jpeg" />
<meta name="twitter:card" content="summary_large_image" />
<script type="application/ld+json" class="yoast-schema-graph">{"@context":"https://schema.org","@graph":[{"@type":"WebPage","@id":"https://talladeferro.com/producte/geometrik-penjador-roba/","url":"https://talladeferro.com/producte/geometrik-penjador-roba/","name":"GEOMETRIK - Tall(a) de Ferro","isPartOf":{"@id":"https://talladeferro.com/#website"},"primaryImageOfPage":{"@id":"https://talladeferro.com/producte/geometrik-penjador-roba/#primaryimage"},"image":{"@id":"https://talladeferro.com/producte/geometrik-penjador-roba/#primaryimage"},"thumbnailUrl":"https://talladeferro.com/wp-content/uploads/2024/02/GEOMETRIK_Penjador-de-roba.jpg","datePublished":"2024-02-08T23:48:01+00:00","dateModified":"2024-03-26T14:59:53+00:00","breadcrumb":{"@id":"https://talladeferro.com/producte/geometrik-penjador-roba/#breadcrumb"},"inLanguage":"es","potentialAction":[{"@type":"ReadAction","target":["https://talladeferro.com/producte/geometrik-penjador-roba/"]}]},{"@type":"ImageObject","inLanguage":"es","@id":"https://talladeferro.com/producte/geometrik-penjador-roba/#primaryimage","url":"https://talladeferro.com/wp-content/uploads/2024/02/GEOMETRIK_Penjador-de-roba.jpg","contentUrl":"https://talladeferro.com/wp-content/uploads/2024/02/GEOMETRIK_Penjador-de-roba.jpg","width":1080,"height":1080,"caption":"Penjador, armari, casa, original, creativitat, creativa, creatiu, artesania, ferro, minimal, disseny, Talla de Ferro, dona, feminisme, casa, decoració, mobiliari, a mida, personalitzat."},{"@type":"BreadcrumbList","@id":"https://talladeferro.com/producte/geometrik-penjador-roba/#breadcrumb","itemListElement":[{"@type":"ListItem","position":1,"name":"Inici","item":"https://talladeferro.com/"},{"@type":"ListItem","position":2,"name":"Productes","item":"https://talladeferro.com/shop/"},{"@type":"ListItem","position":3,"name":"GEOMETRIK"}]},{"@type":"WebSite","@id":"https://talladeferro.com/#website","url":"https://talladeferro.com/","name":"Tall(a) de Ferro","description":"L&#039;artesana del ferro.","publisher":{"@id":"https://talladeferro.com/#organization"},"potentialAction":[{"@type":"SearchAction","target":{"@type":"EntryPoint","urlTemplate":"https://talladeferro.com/?s={search_term_string}"},"query-input":{"@type":"PropertyValueSpecification","valueRequired":true,"valueName":"search_term_string"}}],"inLanguage":"es"},{"@type":"Organization","@id":"https://talladeferro.com/#organization","name":"Tall(a) de Ferro","url":"https://talladeferro.com/","logo":{"@type":"ImageObject","inLanguage":"es","@id":"https://talladeferro.com/#/schema/logo/image/","url":"https://talladeferro.com/wp-content/uploads/2024/03/logo_talla_de_ferro.svg","contentUrl":"https://talladeferro.com/wp-content/uploads/2024/03/logo_talla_de_ferro.svg","width":268,"height":163,"caption":"Tall(a) de Ferro"},"image":{"@id":"https://talladeferro.com/#/schema/logo/image/"},"sameAs":["https://www.instagram.com/talla_de_ferro/"]}]}</script>
<!-- / Yoast SEO plugin. -->

Penjador de roba de ferro.  Optimitza l'espai i afegeix un toc rústic amb el Penjador de Ropa de Ferro de Tall(a) de Ferro GEOMETRIK.  Aquest penjador de roba combina la robustesa del ferro amb un disseny elegant, oferint una solució pràctica i estilosa per organitzar la teva roba. Amb la seva instal·lació senzilla i la durabilitat característica de Tall(a) de Ferro, aquest penjador és l'elecció perfecta per a un espai funcional i amb estil.

Penjador, armari, casa, original, creativitat, creativa, creatiu, artesania, ferro, minimal, disseny, Talla de Ferro, dona, feminisme, casa, decoració, mobiliari, a mida, personalitzat.
