{"id":391,"date":"2024-02-08T23:48:55","date_gmt":"2024-02-08T23:48:55","guid":{"rendered":"https:\/\/gpsites.co\/woo-new\/?post_type=product&#038;p=391"},"modified":"2024-05-20T18:49:12","modified_gmt":"2024-05-20T18:49:12","slug":"halb-estanteria-petita","status":"publish","type":"product","link":"https:\/\/talladeferro.com\/es\/producto\/halb-estanteria-petita\/","title":{"rendered":"HALB (Peque\u00f1a)"},"content":{"rendered":"<p>Funcionalitat i estil amb l&#8217;Estanteria amb Suport Central de Ferro.\u00a0Aquesta estanteria innovadora destaca pel seu disseny amb un suport de ferro elegant al mig, proporcionant no nom\u00e9s estabilitat sin\u00f3 tamb\u00e9 una est\u00e8tica \u00fanica.<\/p>\n<p>Ferro de primera qualitat, aquesta estanteria garanteix durabilitat i resist\u00e8ncia. El suport central no nom\u00e9s compleix una funci\u00f3 estructural sin\u00f3 que tamb\u00e9 afegeix un toc art\u00edstic a l&#8217;espai. Les l\u00ednies elegants i la combinaci\u00f3 de materials fan d&#8217;aquesta estanteria una pe\u00e7a destacada per a la teva llar o oficina.<\/p>\n<p>Organitza els teus objectes amb eleg\u00e0ncia i expressa el teu estil amb l&#8217;Estanteria amb Suport Central de Ferro de Tall(a) de Ferro. Una fusi\u00f3 de forma i funci\u00f3 que eleva la teva experi\u00e8ncia d&#8217;emmagatzematge a un nivell superior.<\/p>","protected":false},"excerpt":{"rendered":"<p><strong>Estanteria amb suport central de ferro.<\/strong><\/p>\n<p>Funcionalitat i estil amb l&#8217;Estanteria amb Suport Central de Ferro de Tall(a) de Ferro. Aquesta estanteria innovadora destaca pel seu disseny amb un suport de ferro elegant al mig, proporcionant no nom\u00e9s estabilitat sin\u00f3 tamb\u00e9 una est\u00e8tica \u00fanica.<\/p>\n<p>Ferro de primera qualitat, aquesta estanteria garanteix durabilitat i resist\u00e8ncia. El suport central no nom\u00e9s compleix una funci\u00f3 estructural sin\u00f3 que tamb\u00e9 afegeix un toc art\u00edstic a l&#8217;espai. Les l\u00ednies elegants i la combinaci\u00f3 de materials fan d&#8217;aquesta estanteria una pe\u00e7a destacada per a la teva llar o oficina.<\/p>\n<p>Organitza els teus objectes amb eleg\u00e0ncia i expressa el teu estil amb l&#8217;Estanteria amb Suport Central de Ferro de Tall(a) de Ferro. Una fusi\u00f3 de forma i funci\u00f3 que eleva la teva experi\u00e8ncia d&#8217;emmagatzematge a un nivell superior.<\/p>","protected":false},"featured_media":1515,"comment_status":"open","ping_status":"closed","template":"","meta":[],"product_brand":[],"product_cat":[25,26],"product_tag":[],"class_list":{"0":"post-391","1":"product","2":"type-product","3":"status-publish","4":"has-post-thumbnail","6":"product_cat-ferro","7":"product_cat-fusta","8":"sales-flash-overlay","9":"woocommerce-text-align-left","10":"woocommerce-image-align-center","11":"do-quantity-buttons","13":"first","14":"instock","15":"shipping-taxable","16":"purchasable","17":"product-type-simple"},"yoast_head":"<!-- This site is optimized with the Yoast SEO plugin v25.3 - https:\/\/yoast.com\/wordpress\/plugins\/seo\/ -->\n<title>HALB (Petita) - Tall(a) de Ferro<\/title>\n<meta name=\"robots\" content=\"index, follow, max-snippet:-1, max-image-preview:large, max-video-preview:-1\" \/>\n<link rel=\"canonical\" href=\"https:\/\/talladeferro.com\/es\/producto\/halb-estanteria-petita\/\" \/>\n<meta property=\"og:locale\" content=\"es_ES\" \/>\n<meta property=\"og:type\" content=\"article\" \/>\n<meta property=\"og:title\" content=\"HALB (Petita) - Tall(a) de Ferro\" \/>\n<meta property=\"og:description\" content=\"Estanteria amb suport central de ferro.  Funcionalitat i estil amb l&#039;Estanteria amb Suport Central de Ferro de Tall(a) de Ferro. Aquesta estanteria innovadora destaca pel seu disseny amb un suport de ferro elegant al mig, proporcionant no nom\u00e9s estabilitat sin\u00f3 tamb\u00e9 una est\u00e8tica \u00fanica.  Ferro de primera qualitat, aquesta estanteria garanteix durabilitat i resist\u00e8ncia. El suport central no nom\u00e9s compleix una funci\u00f3 estructural sin\u00f3 que tamb\u00e9 afegeix un toc art\u00edstic a l&#039;espai. Les l\u00ednies elegants i la combinaci\u00f3 de materials fan d&#039;aquesta estanteria una pe\u00e7a destacada per a la teva llar o oficina.  Organitza els teus objectes amb eleg\u00e0ncia i expressa el teu estil amb l&#039;Estanteria amb Suport Central de Ferro de Tall(a) de Ferro. Una fusi\u00f3 de forma i funci\u00f3 que eleva la teva experi\u00e8ncia d&#039;emmagatzematge a un nivell superior.\" \/>\n<meta property=\"og:url\" content=\"https:\/\/talladeferro.com\/es\/producto\/halb-estanteria-petita\/\" \/>\n<meta property=\"og:site_name\" content=\"Tall(a) de Ferro\" \/>\n<meta property=\"article:modified_time\" content=\"2024-05-20T18:49:12+00:00\" \/>\n<meta property=\"og:image\" content=\"https:\/\/talladeferro.com\/wp-content\/uploads\/2021\/02\/2-4.png\" \/>\n\t<meta property=\"og:image:width\" content=\"1080\" \/>\n\t<meta property=\"og:image:height\" content=\"1080\" \/>\n\t<meta property=\"og:image:type\" content=\"image\/png\" \/>\n<meta name=\"twitter:card\" content=\"summary_large_image\" \/>\n<meta name=\"twitter:label1\" content=\"Tiempo de lectura\" \/>\n\t<meta name=\"twitter:data1\" content=\"1 minuto\" \/>\n<script type=\"application\/ld+json\" class=\"yoast-schema-graph\">{\"@context\":\"https:\/\/schema.org\",\"@graph\":[{\"@type\":\"WebPage\",\"@id\":\"https:\/\/talladeferro.com\/producte\/halb-estanteria-petita\/\",\"url\":\"https:\/\/talladeferro.com\/producte\/halb-estanteria-petita\/\",\"name\":\"HALB (Petita) - Tall(a) de Ferro\",\"isPartOf\":{\"@id\":\"https:\/\/talladeferro.com\/#website\"},\"primaryImageOfPage\":{\"@id\":\"https:\/\/talladeferro.com\/producte\/halb-estanteria-petita\/#primaryimage\"},\"image\":{\"@id\":\"https:\/\/talladeferro.com\/producte\/halb-estanteria-petita\/#primaryimage\"},\"thumbnailUrl\":\"https:\/\/talladeferro.com\/wp-content\/uploads\/2021\/02\/2-4.png\",\"datePublished\":\"2024-02-08T23:48:55+00:00\",\"dateModified\":\"2024-05-20T18:49:12+00:00\",\"breadcrumb\":{\"@id\":\"https:\/\/talladeferro.com\/producte\/halb-estanteria-petita\/#breadcrumb\"},\"inLanguage\":\"es\",\"potentialAction\":[{\"@type\":\"ReadAction\",\"target\":[\"https:\/\/talladeferro.com\/producte\/halb-estanteria-petita\/\"]}]},{\"@type\":\"ImageObject\",\"inLanguage\":\"es\",\"@id\":\"https:\/\/talladeferro.com\/producte\/halb-estanteria-petita\/#primaryimage\",\"url\":\"https:\/\/talladeferro.com\/wp-content\/uploads\/2021\/02\/2-4.png\",\"contentUrl\":\"https:\/\/talladeferro.com\/wp-content\/uploads\/2021\/02\/2-4.png\",\"width\":1080,\"height\":1080,\"caption\":\"Estanteria, creativitat, creativa, creatiu, artesania, ferro, minimal, disseny, Talla de Ferro, dona, feminisme, casa, decoraci\u00f3, mobiliari, a mida, personalitzat.\"},{\"@type\":\"BreadcrumbList\",\"@id\":\"https:\/\/talladeferro.com\/producte\/halb-estanteria-petita\/#breadcrumb\",\"itemListElement\":[{\"@type\":\"ListItem\",\"position\":1,\"name\":\"Inici\",\"item\":\"https:\/\/talladeferro.com\/\"},{\"@type\":\"ListItem\",\"position\":2,\"name\":\"Productes\",\"item\":\"https:\/\/talladeferro.com\/shop\/\"},{\"@type\":\"ListItem\",\"position\":3,\"name\":\"HALB (Petita)\"}]},{\"@type\":\"WebSite\",\"@id\":\"https:\/\/talladeferro.com\/#website\",\"url\":\"https:\/\/talladeferro.com\/\",\"name\":\"Tall(a) de Ferro\",\"description\":\"L&#039;artesana del ferro.\",\"publisher\":{\"@id\":\"https:\/\/talladeferro.com\/#organization\"},\"potentialAction\":[{\"@type\":\"SearchAction\",\"target\":{\"@type\":\"EntryPoint\",\"urlTemplate\":\"https:\/\/talladeferro.com\/?s={search_term_string}\"},\"query-input\":{\"@type\":\"PropertyValueSpecification\",\"valueRequired\":true,\"valueName\":\"search_term_string\"}}],\"inLanguage\":\"es\"},{\"@type\":\"Organization\",\"@id\":\"https:\/\/talladeferro.com\/#organization\",\"name\":\"Tall(a) de Ferro\",\"url\":\"https:\/\/talladeferro.com\/\",\"logo\":{\"@type\":\"ImageObject\",\"inLanguage\":\"es\",\"@id\":\"https:\/\/talladeferro.com\/#\/schema\/logo\/image\/\",\"url\":\"https:\/\/talladeferro.com\/wp-content\/uploads\/2024\/03\/logo_talla_de_ferro.svg\",\"contentUrl\":\"https:\/\/talladeferro.com\/wp-content\/uploads\/2024\/03\/logo_talla_de_ferro.svg\",\"width\":268,\"height\":163,\"caption\":\"Tall(a) de Ferro\"},\"image\":{\"@id\":\"https:\/\/talladeferro.com\/#\/schema\/logo\/image\/\"},\"sameAs\":[\"https:\/\/www.instagram.com\/talla_de_ferro\/\"]}]}<\/script>\n<!-- \/ Yoast SEO plugin. -->","yoast_head_json":{"title":"HALB (Petita) - Tall(a) de Ferro","robots":{"index":"index","follow":"follow","max-snippet":"max-snippet:-1","max-image-preview":"max-image-preview:large","max-video-preview":"max-video-preview:-1"},"canonical":"https:\/\/talladeferro.com\/es\/producto\/halb-estanteria-petita\/","og_locale":"es_ES","og_type":"article","og_title":"HALB (Petita) - Tall(a) de Ferro","og_description":"Estanteria amb suport central de ferro.  Funcionalitat i estil amb l'Estanteria amb Suport Central de Ferro de Tall(a) de Ferro. Aquesta estanteria innovadora destaca pel seu disseny amb un suport de ferro elegant al mig, proporcionant no nom\u00e9s estabilitat sin\u00f3 tamb\u00e9 una est\u00e8tica \u00fanica.  Ferro de primera qualitat, aquesta estanteria garanteix durabilitat i resist\u00e8ncia. El suport central no nom\u00e9s compleix una funci\u00f3 estructural sin\u00f3 que tamb\u00e9 afegeix un toc art\u00edstic a l'espai. Les l\u00ednies elegants i la combinaci\u00f3 de materials fan d'aquesta estanteria una pe\u00e7a destacada per a la teva llar o oficina.  Organitza els teus objectes amb eleg\u00e0ncia i expressa el teu estil amb l'Estanteria amb Suport Central de Ferro de Tall(a) de Ferro. Una fusi\u00f3 de forma i funci\u00f3 que eleva la teva experi\u00e8ncia d'emmagatzematge a un nivell superior.","og_url":"https:\/\/talladeferro.com\/es\/producto\/halb-estanteria-petita\/","og_site_name":"Tall(a) de Ferro","article_modified_time":"2024-05-20T18:49:12+00:00","og_image":[{"width":1080,"height":1080,"url":"https:\/\/talladeferro.com\/wp-content\/uploads\/2021\/02\/2-4.png","type":"image\/png"}],"twitter_card":"summary_large_image","twitter_misc":{"Tiempo de lectura":"1 minuto"},"schema":{"@context":"https:\/\/schema.org","@graph":[{"@type":"WebPage","@id":"https:\/\/talladeferro.com\/producte\/halb-estanteria-petita\/","url":"https:\/\/talladeferro.com\/producte\/halb-estanteria-petita\/","name":"HALB (Petita) - Tall(a) de Ferro","isPartOf":{"@id":"https:\/\/talladeferro.com\/#website"},"primaryImageOfPage":{"@id":"https:\/\/talladeferro.com\/producte\/halb-estanteria-petita\/#primaryimage"},"image":{"@id":"https:\/\/talladeferro.com\/producte\/halb-estanteria-petita\/#primaryimage"},"thumbnailUrl":"https:\/\/talladeferro.com\/wp-content\/uploads\/2021\/02\/2-4.png","datePublished":"2024-02-08T23:48:55+00:00","dateModified":"2024-05-20T18:49:12+00:00","breadcrumb":{"@id":"https:\/\/talladeferro.com\/producte\/halb-estanteria-petita\/#breadcrumb"},"inLanguage":"es","potentialAction":[{"@type":"ReadAction","target":["https:\/\/talladeferro.com\/producte\/halb-estanteria-petita\/"]}]},{"@type":"ImageObject","inLanguage":"es","@id":"https:\/\/talladeferro.com\/producte\/halb-estanteria-petita\/#primaryimage","url":"https:\/\/talladeferro.com\/wp-content\/uploads\/2021\/02\/2-4.png","contentUrl":"https:\/\/talladeferro.com\/wp-content\/uploads\/2021\/02\/2-4.png","width":1080,"height":1080,"caption":"Estanteria, creativitat, creativa, creatiu, artesania, ferro, minimal, disseny, Talla de Ferro, dona, feminisme, casa, decoraci\u00f3, mobiliari, a mida, personalitzat."},{"@type":"BreadcrumbList","@id":"https:\/\/talladeferro.com\/producte\/halb-estanteria-petita\/#breadcrumb","itemListElement":[{"@type":"ListItem","position":1,"name":"Inici","item":"https:\/\/talladeferro.com\/"},{"@type":"ListItem","position":2,"name":"Productes","item":"https:\/\/talladeferro.com\/shop\/"},{"@type":"ListItem","position":3,"name":"HALB (Petita)"}]},{"@type":"WebSite","@id":"https:\/\/talladeferro.com\/#website","url":"https:\/\/talladeferro.com\/","name":"Tall(a) de Ferro","description":"L&#039;artesana del ferro.","publisher":{"@id":"https:\/\/talladeferro.com\/#organization"},"potentialAction":[{"@type":"SearchAction","target":{"@type":"EntryPoint","urlTemplate":"https:\/\/talladeferro.com\/?s={search_term_string}"},"query-input":{"@type":"PropertyValueSpecification","valueRequired":true,"valueName":"search_term_string"}}],"inLanguage":"es"},{"@type":"Organization","@id":"https:\/\/talladeferro.com\/#organization","name":"Tall(a) de Ferro","url":"https:\/\/talladeferro.com\/","logo":{"@type":"ImageObject","inLanguage":"es","@id":"https:\/\/talladeferro.com\/#\/schema\/logo\/image\/","url":"https:\/\/talladeferro.com\/wp-content\/uploads\/2024\/03\/logo_talla_de_ferro.svg","contentUrl":"https:\/\/talladeferro.com\/wp-content\/uploads\/2024\/03\/logo_talla_de_ferro.svg","width":268,"height":163,"caption":"Tall(a) de Ferro"},"image":{"@id":"https:\/\/talladeferro.com\/#\/schema\/logo\/image\/"},"sameAs":["https:\/\/www.instagram.com\/talla_de_ferro\/"]}]}},"_links":{"self":[{"href":"https:\/\/talladeferro.com\/es\/wp-json\/wp\/v2\/product\/391","targetHints":{"allow":["GET"]}}],"collection":[{"href":"https:\/\/talladeferro.com\/es\/wp-json\/wp\/v2\/product"}],"about":[{"href":"https:\/\/talladeferro.com\/es\/wp-json\/wp\/v2\/types\/product"}],"replies":[{"embeddable":true,"href":"https:\/\/talladeferro.com\/es\/wp-json\/wp\/v2\/comments?post=391"}],"wp:featuredmedia":[{"embeddable":true,"href":"https:\/\/talladeferro.com\/es\/wp-json\/wp\/v2\/media\/1515"}],"wp:attachment":[{"href":"https:\/\/talladeferro.com\/es\/wp-json\/wp\/v2\/media?parent=391"}],"wp:term":[{"taxonomy":"product_brand","embeddable":true,"href":"https:\/\/talladeferro.com\/es\/wp-json\/wp\/v2\/product_brand?post=391"},{"taxonomy":"product_cat","embeddable":true,"href":"https:\/\/talladeferro.com\/es\/wp-json\/wp\/v2\/product_cat?post=391"},{"taxonomy":"product_tag","embeddable":true,"href":"https:\/\/talladeferro.com\/es\/wp-json\/wp\/v2\/product_tag?post=391"}],"curies":[{"name":"wp","href":"https:\/\/api.w.org\/{rel}","templated":true}]}}

HALB (Pequeña)

<p>Funcionalitat i estil amb l&#8217;Estanteria amb Suport Central de Ferro. Aquesta estanteria innovadora destaca pel seu disseny amb un suport de ferro elegant al mig, proporcionant no només estabilitat sinó també una estètica única.</p>
<p>Ferro de primera qualitat, aquesta estanteria garanteix durabilitat i resistència. El suport central no només compleix una funció estructural sinó que també afegeix un toc artístic a l&#8217;espai. Les línies elegants i la combinació de materials fan d&#8217;aquesta estanteria una peça destacada per a la teva llar o oficina.</p>
<p>Organitza els teus objectes amb elegància i expressa el teu estil amb l&#8217;Estanteria amb Suport Central de Ferro de Tall(a) de Ferro. Una fusió de forma i funció que eleva la teva experiència d&#8217;emmagatzematge a un nivell superior.</p>

<p><strong>Estanteria amb suport central de ferro.</strong></p>
<p>Funcionalitat i estil amb l&#8217;Estanteria amb Suport Central de Ferro de Tall(a) de Ferro. Aquesta estanteria innovadora destaca pel seu disseny amb un suport de ferro elegant al mig, proporcionant no només estabilitat sinó també una estètica única.</p>
<p>Ferro de primera qualitat, aquesta estanteria garanteix durabilitat i resistència. El suport central no només compleix una funció estructural sinó que també afegeix un toc artístic a l&#8217;espai. Les línies elegants i la combinació de materials fan d&#8217;aquesta estanteria una peça destacada per a la teva llar o oficina.</p>
<p>Organitza els teus objectes amb elegància i expressa el teu estil amb l&#8217;Estanteria amb Suport Central de Ferro de Tall(a) de Ferro. Una fusió de forma i funció que eleva la teva experiència d&#8217;emmagatzematge a un nivell superior.</p>

<!-- This site is optimized with the Yoast SEO plugin v25.3 - https://yoast.com/wordpress/plugins/seo/ -->
<title>HALB (Petita) - Tall(a) de Ferro</title>
<meta name="robots" content="index, follow, max-snippet:-1, max-image-preview:large, max-video-preview:-1" />
<link rel="canonical" href="https://talladeferro.com/es/producto/halb-estanteria-petita/" />
<meta property="og:locale" content="es_ES" />
<meta property="og:type" content="article" />
<meta property="og:title" content="HALB (Petita) - Tall(a) de Ferro" />
<meta property="og:description" content="Estanteria amb suport central de ferro.  Funcionalitat i estil amb l&#039;Estanteria amb Suport Central de Ferro de Tall(a) de Ferro. Aquesta estanteria innovadora destaca pel seu disseny amb un suport de ferro elegant al mig, proporcionant no només estabilitat sinó també una estètica única.  Ferro de primera qualitat, aquesta estanteria garanteix durabilitat i resistència. El suport central no només compleix una funció estructural sinó que també afegeix un toc artístic a l&#039;espai. Les línies elegants i la combinació de materials fan d&#039;aquesta estanteria una peça destacada per a la teva llar o oficina.  Organitza els teus objectes amb elegància i expressa el teu estil amb l&#039;Estanteria amb Suport Central de Ferro de Tall(a) de Ferro. Una fusió de forma i funció que eleva la teva experiència d&#039;emmagatzematge a un nivell superior." />
<meta property="og:url" content="https://talladeferro.com/es/producto/halb-estanteria-petita/" />
<meta property="og:site_name" content="Tall(a) de Ferro" />
<meta property="article:modified_time" content="2024-05-20T18:49:12+00:00" />
<meta property="og:image" content="https://talladeferro.com/wp-content/uploads/2021/02/2-4.png" />
	<meta property="og:image:width" content="1080" />
	<meta property="og:image:height" content="1080" />
	<meta property="og:image:type" content="image/png" />
<meta name="twitter:card" content="summary_large_image" />
<meta name="twitter:label1" content="Tiempo de lectura" />
	<meta name="twitter:data1" content="1 minuto" />
<script type="application/ld+json" class="yoast-schema-graph">{"@context":"https://schema.org","@graph":[{"@type":"WebPage","@id":"https://talladeferro.com/producte/halb-estanteria-petita/","url":"https://talladeferro.com/producte/halb-estanteria-petita/","name":"HALB (Petita) - Tall(a) de Ferro","isPartOf":{"@id":"https://talladeferro.com/#website"},"primaryImageOfPage":{"@id":"https://talladeferro.com/producte/halb-estanteria-petita/#primaryimage"},"image":{"@id":"https://talladeferro.com/producte/halb-estanteria-petita/#primaryimage"},"thumbnailUrl":"https://talladeferro.com/wp-content/uploads/2021/02/2-4.png","datePublished":"2024-02-08T23:48:55+00:00","dateModified":"2024-05-20T18:49:12+00:00","breadcrumb":{"@id":"https://talladeferro.com/producte/halb-estanteria-petita/#breadcrumb"},"inLanguage":"es","potentialAction":[{"@type":"ReadAction","target":["https://talladeferro.com/producte/halb-estanteria-petita/"]}]},{"@type":"ImageObject","inLanguage":"es","@id":"https://talladeferro.com/producte/halb-estanteria-petita/#primaryimage","url":"https://talladeferro.com/wp-content/uploads/2021/02/2-4.png","contentUrl":"https://talladeferro.com/wp-content/uploads/2021/02/2-4.png","width":1080,"height":1080,"caption":"Estanteria, creativitat, creativa, creatiu, artesania, ferro, minimal, disseny, Talla de Ferro, dona, feminisme, casa, decoració, mobiliari, a mida, personalitzat."},{"@type":"BreadcrumbList","@id":"https://talladeferro.com/producte/halb-estanteria-petita/#breadcrumb","itemListElement":[{"@type":"ListItem","position":1,"name":"Inici","item":"https://talladeferro.com/"},{"@type":"ListItem","position":2,"name":"Productes","item":"https://talladeferro.com/shop/"},{"@type":"ListItem","position":3,"name":"HALB (Petita)"}]},{"@type":"WebSite","@id":"https://talladeferro.com/#website","url":"https://talladeferro.com/","name":"Tall(a) de Ferro","description":"L&#039;artesana del ferro.","publisher":{"@id":"https://talladeferro.com/#organization"},"potentialAction":[{"@type":"SearchAction","target":{"@type":"EntryPoint","urlTemplate":"https://talladeferro.com/?s={search_term_string}"},"query-input":{"@type":"PropertyValueSpecification","valueRequired":true,"valueName":"search_term_string"}}],"inLanguage":"es"},{"@type":"Organization","@id":"https://talladeferro.com/#organization","name":"Tall(a) de Ferro","url":"https://talladeferro.com/","logo":{"@type":"ImageObject","inLanguage":"es","@id":"https://talladeferro.com/#/schema/logo/image/","url":"https://talladeferro.com/wp-content/uploads/2024/03/logo_talla_de_ferro.svg","contentUrl":"https://talladeferro.com/wp-content/uploads/2024/03/logo_talla_de_ferro.svg","width":268,"height":163,"caption":"Tall(a) de Ferro"},"image":{"@id":"https://talladeferro.com/#/schema/logo/image/"},"sameAs":["https://www.instagram.com/talla_de_ferro/"]}]}</script>
<!-- / Yoast SEO plugin. -->

Estanteria amb suport central de ferro.  Funcionalitat i estil amb l'Estanteria amb Suport Central de Ferro de Tall(a) de Ferro. Aquesta estanteria innovadora destaca pel seu disseny amb un suport de ferro elegant al mig, proporcionant no només estabilitat sinó també una estètica única.  Ferro de primera qualitat, aquesta estanteria garanteix durabilitat i resistència. El suport central no només compleix una funció estructural sinó que també afegeix un toc artístic a l'espai. Les línies elegants i la combinació de materials fan d'aquesta estanteria una peça destacada per a la teva llar o oficina.  Organitza els teus objectes amb elegància i expressa el teu estil amb l'Estanteria amb Suport Central de Ferro de Tall(a) de Ferro. Una fusió de forma i funció que eleva la teva experiència d'emmagatzematge a un nivell superior.

Estanteria, creativitat, creativa, creatiu, artesania, ferro, minimal, disseny, Talla de Ferro, dona, feminisme, casa, decoració, mobiliari, a mida, personalitzat.
