{"id":392,"date":"2024-02-08T23:49:07","date_gmt":"2024-02-08T23:49:07","guid":{"rendered":"https:\/\/gpsites.co\/woo-new\/?post_type=product&#038;p=392"},"modified":"2024-05-20T18:46:55","modified_gmt":"2024-05-20T18:46:55","slug":"wand-estanteria-flotant-llarga","status":"publish","type":"product","link":"https:\/\/talladeferro.com\/es\/producto\/wand-estanteria-flotant-llarga\/","title":{"rendered":"WAND (larga)"},"content":{"rendered":"<p>Desafiant les convencions de l&#8217;organitzaci\u00f3, et presentem l&#8217;Estanteria de Ferro Efecte Torre de Llibres Flotants de <strong><a href=\"https:\/\/talladeferro.com\/es\/qui-som\/\">Tall(a) de Ferro<\/a><\/strong>. Aquesta pe\u00e7a \u00fanica no nom\u00e9s emmagatzema els teus llibres, sin\u00f3 que crea una il\u00b7lusi\u00f3 art\u00edstica amb un efecte de torre de llibres.<\/p>\n<p>Hecho con precisi\u00f3n utilizando hierro de primera calidad, esta estanter\u00eda no solo ofrece durabilidad, sino que tambi\u00e9n sirve como punto focal est\u00e9tico. Sus formas geom\u00e9tricas rasgadas y l\u00edneas audaces crean una din\u00e1mica visual, dando la sensaci\u00f3n que los libros flotan en una estructura art\u00edstica.<\/p>\n<p>Esta estanter\u00eda es m\u00e1s que un lugar para almacenar, es una expresi\u00f3n de tu pasi\u00f3n por la lectura y el arte. Deja que el efecto de libros flotantes transforme la manera como organizas y muestras tus libros, proporcionando una pieza funcional y est\u00e9ticamente cautivadora para tu espacio.<\/p>","protected":false},"excerpt":{"rendered":"<p><strong>Estanter\u00eda de libros flotantes<\/strong><\/p>\n<p>Desafiando las convenciones de la organizaci\u00f3n, te presentamos la Estanter\u00eda de libros flotantes efecto torre de Tall(a) de Ferro. Esta pieza \u00fanica no solo almacena tus libros, sino que crea una ilusi\u00f3n art\u00edstica con un efecto de torre de libros.<\/p>\n<p>Hecho con precisi\u00f3n utilizando hierro de primera calidad, esta estanter\u00eda no solo ofrece durabilidad, sino que tambi\u00e9n sirve como punto focal est\u00e9tico. Sus formas geom\u00e9tricas rasgadas y l\u00edneas audaces crean una din\u00e1mica visual, dando la sensaci\u00f3n que los libros flotan en una estructura art\u00edstica.<\/p>\n<p>Esta estanter\u00eda es m\u00e1s que un lugar para almacenar, es una expresi\u00f3n de tu pasi\u00f3n por la lectura y el arte. Deja que el efecto de libros flotantes transforme la manera como organizas y muestras tus libros, proporcionando una pieza funcional y est\u00e9ticamente cautivadora para tu espacio.<\/p>","protected":false},"featured_media":1507,"comment_status":"open","ping_status":"closed","template":"","meta":[],"product_brand":[],"product_cat":[25],"product_tag":[],"class_list":{"0":"post-392","1":"product","2":"type-product","3":"status-publish","4":"has-post-thumbnail","6":"product_cat-ferro","7":"sales-flash-overlay","8":"woocommerce-text-align-left","9":"woocommerce-image-align-center","10":"do-quantity-buttons","12":"first","13":"instock","14":"shipping-taxable","15":"purchasable","16":"product-type-simple"},"yoast_head":"<!-- This site is optimized with the Yoast SEO plugin v25.3 - https:\/\/yoast.com\/wordpress\/plugins\/seo\/ -->\n<title>WAND (llarga) - Tall(a) de Ferro<\/title>\n<meta name=\"description\" content=\"Tall(a) de Ferro - WAND (llarga) Estanteria de llibres flotants efecte torre de Tall(a) de Ferro. Aquesta pe\u00e7a \u00fanica no nom\u00e9s emmagatzema els teus llibres, sin\u00f3 que crea una il\u00b7lusi\u00f3 art\u00edstica amb un efecte de torre de llibres. Artesania de ferro.\" \/>\n<meta name=\"robots\" content=\"index, follow, max-snippet:-1, max-image-preview:large, max-video-preview:-1\" \/>\n<link rel=\"canonical\" href=\"https:\/\/talladeferro.com\/es\/producto\/wand-estanteria-flotant-llarga\/\" \/>\n<meta property=\"og:locale\" content=\"es_ES\" \/>\n<meta property=\"og:type\" content=\"article\" \/>\n<meta property=\"og:title\" content=\"WAND (llarga) - Tall(a) de Ferro\" \/>\n<meta property=\"og:description\" content=\"Tall(a) de Ferro - WAND (llarga) Estanteria de llibres flotants efecte torre de Tall(a) de Ferro. Aquesta pe\u00e7a \u00fanica no nom\u00e9s emmagatzema els teus llibres, sin\u00f3 que crea una il\u00b7lusi\u00f3 art\u00edstica amb un efecte de torre de llibres. Artesania de ferro.\" \/>\n<meta property=\"og:url\" content=\"https:\/\/talladeferro.com\/es\/producto\/wand-estanteria-flotant-llarga\/\" \/>\n<meta property=\"og:site_name\" content=\"Tall(a) de Ferro\" \/>\n<meta property=\"article:modified_time\" content=\"2024-05-20T18:46:55+00:00\" \/>\n<meta property=\"og:image\" content=\"https:\/\/talladeferro.com\/wp-content\/uploads\/2021\/02\/1-2-e1709136282140.png\" \/>\n\t<meta property=\"og:image:width\" content=\"718\" \/>\n\t<meta property=\"og:image:height\" content=\"1078\" \/>\n\t<meta property=\"og:image:type\" content=\"image\/png\" \/>\n<meta name=\"twitter:card\" content=\"summary_large_image\" \/>\n<meta name=\"twitter:label1\" content=\"Tiempo de lectura\" \/>\n\t<meta name=\"twitter:data1\" content=\"1 minuto\" \/>\n<script type=\"application\/ld+json\" class=\"yoast-schema-graph\">{\"@context\":\"https:\/\/schema.org\",\"@graph\":[{\"@type\":\"WebPage\",\"@id\":\"https:\/\/talladeferro.com\/producte\/wand-estanteria-flotant-llarga\/\",\"url\":\"https:\/\/talladeferro.com\/producte\/wand-estanteria-flotant-llarga\/\",\"name\":\"WAND (llarga) - Tall(a) de Ferro\",\"isPartOf\":{\"@id\":\"https:\/\/talladeferro.com\/#website\"},\"primaryImageOfPage\":{\"@id\":\"https:\/\/talladeferro.com\/producte\/wand-estanteria-flotant-llarga\/#primaryimage\"},\"image\":{\"@id\":\"https:\/\/talladeferro.com\/producte\/wand-estanteria-flotant-llarga\/#primaryimage\"},\"thumbnailUrl\":\"https:\/\/talladeferro.com\/wp-content\/uploads\/2021\/02\/1-2-e1709136282140.png\",\"datePublished\":\"2024-02-08T23:49:07+00:00\",\"dateModified\":\"2024-05-20T18:46:55+00:00\",\"description\":\"Tall(a) de Ferro - WAND (llarga) Estanteria de llibres flotants efecte torre de Tall(a) de Ferro. Aquesta pe\u00e7a \u00fanica no nom\u00e9s emmagatzema els teus llibres, sin\u00f3 que crea una il\u00b7lusi\u00f3 art\u00edstica amb un efecte de torre de llibres. Artesania de ferro.\",\"breadcrumb\":{\"@id\":\"https:\/\/talladeferro.com\/producte\/wand-estanteria-flotant-llarga\/#breadcrumb\"},\"inLanguage\":\"es\",\"potentialAction\":[{\"@type\":\"ReadAction\",\"target\":[\"https:\/\/talladeferro.com\/producte\/wand-estanteria-flotant-llarga\/\"]}]},{\"@type\":\"ImageObject\",\"inLanguage\":\"es\",\"@id\":\"https:\/\/talladeferro.com\/producte\/wand-estanteria-flotant-llarga\/#primaryimage\",\"url\":\"https:\/\/talladeferro.com\/wp-content\/uploads\/2021\/02\/1-2-e1709136282140.png\",\"contentUrl\":\"https:\/\/talladeferro.com\/wp-content\/uploads\/2021\/02\/1-2-e1709136282140.png\",\"width\":718,\"height\":1078,\"caption\":\"Estanteria, llibres flotants, creativitat, creativa, creatiu, artesania, ferro, minimal, disseny, Talla de Ferro, dona, feminisme, casa, decoraci\u00f3, mobiliari, a mida, personalitzat.\"},{\"@type\":\"BreadcrumbList\",\"@id\":\"https:\/\/talladeferro.com\/producte\/wand-estanteria-flotant-llarga\/#breadcrumb\",\"itemListElement\":[{\"@type\":\"ListItem\",\"position\":1,\"name\":\"Inici\",\"item\":\"https:\/\/talladeferro.com\/\"},{\"@type\":\"ListItem\",\"position\":2,\"name\":\"Productes\",\"item\":\"https:\/\/talladeferro.com\/shop\/\"},{\"@type\":\"ListItem\",\"position\":3,\"name\":\"WAND (llarga)\"}]},{\"@type\":\"WebSite\",\"@id\":\"https:\/\/talladeferro.com\/#website\",\"url\":\"https:\/\/talladeferro.com\/\",\"name\":\"Tall(a) de Ferro\",\"description\":\"L&#039;artesana del ferro.\",\"publisher\":{\"@id\":\"https:\/\/talladeferro.com\/#organization\"},\"potentialAction\":[{\"@type\":\"SearchAction\",\"target\":{\"@type\":\"EntryPoint\",\"urlTemplate\":\"https:\/\/talladeferro.com\/?s={search_term_string}\"},\"query-input\":{\"@type\":\"PropertyValueSpecification\",\"valueRequired\":true,\"valueName\":\"search_term_string\"}}],\"inLanguage\":\"es\"},{\"@type\":\"Organization\",\"@id\":\"https:\/\/talladeferro.com\/#organization\",\"name\":\"Tall(a) de Ferro\",\"url\":\"https:\/\/talladeferro.com\/\",\"logo\":{\"@type\":\"ImageObject\",\"inLanguage\":\"es\",\"@id\":\"https:\/\/talladeferro.com\/#\/schema\/logo\/image\/\",\"url\":\"https:\/\/talladeferro.com\/wp-content\/uploads\/2024\/03\/logo_talla_de_ferro.svg\",\"contentUrl\":\"https:\/\/talladeferro.com\/wp-content\/uploads\/2024\/03\/logo_talla_de_ferro.svg\",\"width\":268,\"height\":163,\"caption\":\"Tall(a) de Ferro\"},\"image\":{\"@id\":\"https:\/\/talladeferro.com\/#\/schema\/logo\/image\/\"},\"sameAs\":[\"https:\/\/www.instagram.com\/talla_de_ferro\/\"]}]}<\/script>\n<!-- \/ Yoast SEO plugin. -->","yoast_head_json":{"title":"WAND (llarga) - Tall(a) de Ferro","description":"Tall(a) de Ferro - WAND (llarga) Estanteria de llibres flotants efecte torre de Tall(a) de Ferro. Aquesta pe\u00e7a \u00fanica no nom\u00e9s emmagatzema els teus llibres, sin\u00f3 que crea una il\u00b7lusi\u00f3 art\u00edstica amb un efecte de torre de llibres. Artesania de ferro.","robots":{"index":"index","follow":"follow","max-snippet":"max-snippet:-1","max-image-preview":"max-image-preview:large","max-video-preview":"max-video-preview:-1"},"canonical":"https:\/\/talladeferro.com\/es\/producto\/wand-estanteria-flotant-llarga\/","og_locale":"es_ES","og_type":"article","og_title":"WAND (llarga) - Tall(a) de Ferro","og_description":"Tall(a) de Ferro - WAND (llarga) Estanteria de llibres flotants efecte torre de Tall(a) de Ferro. Aquesta pe\u00e7a \u00fanica no nom\u00e9s emmagatzema els teus llibres, sin\u00f3 que crea una il\u00b7lusi\u00f3 art\u00edstica amb un efecte de torre de llibres. Artesania de ferro.","og_url":"https:\/\/talladeferro.com\/es\/producto\/wand-estanteria-flotant-llarga\/","og_site_name":"Tall(a) de Ferro","article_modified_time":"2024-05-20T18:46:55+00:00","og_image":[{"width":718,"height":1078,"url":"https:\/\/talladeferro.com\/wp-content\/uploads\/2021\/02\/1-2-e1709136282140.png","type":"image\/png"}],"twitter_card":"summary_large_image","twitter_misc":{"Tiempo de lectura":"1 minuto"},"schema":{"@context":"https:\/\/schema.org","@graph":[{"@type":"WebPage","@id":"https:\/\/talladeferro.com\/producte\/wand-estanteria-flotant-llarga\/","url":"https:\/\/talladeferro.com\/producte\/wand-estanteria-flotant-llarga\/","name":"WAND (llarga) - Tall(a) de Ferro","isPartOf":{"@id":"https:\/\/talladeferro.com\/#website"},"primaryImageOfPage":{"@id":"https:\/\/talladeferro.com\/producte\/wand-estanteria-flotant-llarga\/#primaryimage"},"image":{"@id":"https:\/\/talladeferro.com\/producte\/wand-estanteria-flotant-llarga\/#primaryimage"},"thumbnailUrl":"https:\/\/talladeferro.com\/wp-content\/uploads\/2021\/02\/1-2-e1709136282140.png","datePublished":"2024-02-08T23:49:07+00:00","dateModified":"2024-05-20T18:46:55+00:00","description":"Tall(a) de Ferro - WAND (llarga) Estanteria de llibres flotants efecte torre de Tall(a) de Ferro. Aquesta pe\u00e7a \u00fanica no nom\u00e9s emmagatzema els teus llibres, sin\u00f3 que crea una il\u00b7lusi\u00f3 art\u00edstica amb un efecte de torre de llibres. Artesania de ferro.","breadcrumb":{"@id":"https:\/\/talladeferro.com\/producte\/wand-estanteria-flotant-llarga\/#breadcrumb"},"inLanguage":"es","potentialAction":[{"@type":"ReadAction","target":["https:\/\/talladeferro.com\/producte\/wand-estanteria-flotant-llarga\/"]}]},{"@type":"ImageObject","inLanguage":"es","@id":"https:\/\/talladeferro.com\/producte\/wand-estanteria-flotant-llarga\/#primaryimage","url":"https:\/\/talladeferro.com\/wp-content\/uploads\/2021\/02\/1-2-e1709136282140.png","contentUrl":"https:\/\/talladeferro.com\/wp-content\/uploads\/2021\/02\/1-2-e1709136282140.png","width":718,"height":1078,"caption":"Estanteria, llibres flotants, creativitat, creativa, creatiu, artesania, ferro, minimal, disseny, Talla de Ferro, dona, feminisme, casa, decoraci\u00f3, mobiliari, a mida, personalitzat."},{"@type":"BreadcrumbList","@id":"https:\/\/talladeferro.com\/producte\/wand-estanteria-flotant-llarga\/#breadcrumb","itemListElement":[{"@type":"ListItem","position":1,"name":"Inici","item":"https:\/\/talladeferro.com\/"},{"@type":"ListItem","position":2,"name":"Productes","item":"https:\/\/talladeferro.com\/shop\/"},{"@type":"ListItem","position":3,"name":"WAND (llarga)"}]},{"@type":"WebSite","@id":"https:\/\/talladeferro.com\/#website","url":"https:\/\/talladeferro.com\/","name":"Tall(a) de Ferro","description":"L&#039;artesana del ferro.","publisher":{"@id":"https:\/\/talladeferro.com\/#organization"},"potentialAction":[{"@type":"SearchAction","target":{"@type":"EntryPoint","urlTemplate":"https:\/\/talladeferro.com\/?s={search_term_string}"},"query-input":{"@type":"PropertyValueSpecification","valueRequired":true,"valueName":"search_term_string"}}],"inLanguage":"es"},{"@type":"Organization","@id":"https:\/\/talladeferro.com\/#organization","name":"Tall(a) de Ferro","url":"https:\/\/talladeferro.com\/","logo":{"@type":"ImageObject","inLanguage":"es","@id":"https:\/\/talladeferro.com\/#\/schema\/logo\/image\/","url":"https:\/\/talladeferro.com\/wp-content\/uploads\/2024\/03\/logo_talla_de_ferro.svg","contentUrl":"https:\/\/talladeferro.com\/wp-content\/uploads\/2024\/03\/logo_talla_de_ferro.svg","width":268,"height":163,"caption":"Tall(a) de Ferro"},"image":{"@id":"https:\/\/talladeferro.com\/#\/schema\/logo\/image\/"},"sameAs":["https:\/\/www.instagram.com\/talla_de_ferro\/"]}]}},"_links":{"self":[{"href":"https:\/\/talladeferro.com\/es\/wp-json\/wp\/v2\/product\/392","targetHints":{"allow":["GET"]}}],"collection":[{"href":"https:\/\/talladeferro.com\/es\/wp-json\/wp\/v2\/product"}],"about":[{"href":"https:\/\/talladeferro.com\/es\/wp-json\/wp\/v2\/types\/product"}],"replies":[{"embeddable":true,"href":"https:\/\/talladeferro.com\/es\/wp-json\/wp\/v2\/comments?post=392"}],"wp:featuredmedia":[{"embeddable":true,"href":"https:\/\/talladeferro.com\/es\/wp-json\/wp\/v2\/media\/1507"}],"wp:attachment":[{"href":"https:\/\/talladeferro.com\/es\/wp-json\/wp\/v2\/media?parent=392"}],"wp:term":[{"taxonomy":"product_brand","embeddable":true,"href":"https:\/\/talladeferro.com\/es\/wp-json\/wp\/v2\/product_brand?post=392"},{"taxonomy":"product_cat","embeddable":true,"href":"https:\/\/talladeferro.com\/es\/wp-json\/wp\/v2\/product_cat?post=392"},{"taxonomy":"product_tag","embeddable":true,"href":"https:\/\/talladeferro.com\/es\/wp-json\/wp\/v2\/product_tag?post=392"}],"curies":[{"name":"wp","href":"https:\/\/api.w.org\/{rel}","templated":true}]}}

<p>Desafiant les convencions de l&#8217;organització, et presentem l&#8217;Estanteria de Ferro Efecte Torre de Llibres Flotants de <strong><a href="https://talladeferro.com/es/qui-som/">Tall(a) de Ferro</a></strong>. Aquesta peça única no només emmagatzema els teus llibres, sinó que crea una il·lusió artística amb un efecte de torre de llibres.</p>
<p>Hecho con precisión utilizando hierro de primera calidad, esta estantería no solo ofrece durabilidad, sino que también sirve como punto focal estético. Sus formas geométricas rasgadas y líneas audaces crean una dinámica visual, dando la sensación que los libros flotan en una estructura artística.</p>
<p>Esta estantería es más que un lugar para almacenar, es una expresión de tu pasión por la lectura y el arte. Deja que el efecto de libros flotantes transforme la manera como organizas y muestras tus libros, proporcionando una pieza funcional y estéticamente cautivadora para tu espacio.</p>

<p><strong>Estantería de libros flotantes</strong></p>
<p>Desafiando las convenciones de la organización, te presentamos la Estantería de libros flotantes efecto torre de Tall(a) de Ferro. Esta pieza única no solo almacena tus libros, sino que crea una ilusión artística con un efecto de torre de libros.</p>
<p>Hecho con precisión utilizando hierro de primera calidad, esta estantería no solo ofrece durabilidad, sino que también sirve como punto focal estético. Sus formas geométricas rasgadas y líneas audaces crean una dinámica visual, dando la sensación que los libros flotan en una estructura artística.</p>
<p>Esta estantería es más que un lugar para almacenar, es una expresión de tu pasión por la lectura y el arte. Deja que el efecto de libros flotantes transforme la manera como organizas y muestras tus libros, proporcionando una pieza funcional y estéticamente cautivadora para tu espacio.</p>

<!-- This site is optimized with the Yoast SEO plugin v25.3 - https://yoast.com/wordpress/plugins/seo/ -->
<title>WAND (llarga) - Tall(a) de Ferro</title>
<meta name="description" content="Tall(a) de Ferro - WAND (llarga) Estanteria de llibres flotants efecte torre de Tall(a) de Ferro. Aquesta peça única no només emmagatzema els teus llibres, sinó que crea una il·lusió artística amb un efecte de torre de llibres. Artesania de ferro." />
<meta name="robots" content="index, follow, max-snippet:-1, max-image-preview:large, max-video-preview:-1" />
<link rel="canonical" href="https://talladeferro.com/es/producto/wand-estanteria-flotant-llarga/" />
<meta property="og:locale" content="es_ES" />
<meta property="og:type" content="article" />
<meta property="og:title" content="WAND (llarga) - Tall(a) de Ferro" />
<meta property="og:description" content="Tall(a) de Ferro - WAND (llarga) Estanteria de llibres flotants efecte torre de Tall(a) de Ferro. Aquesta peça única no només emmagatzema els teus llibres, sinó que crea una il·lusió artística amb un efecte de torre de llibres. Artesania de ferro." />
<meta property="og:url" content="https://talladeferro.com/es/producto/wand-estanteria-flotant-llarga/" />
<meta property="og:site_name" content="Tall(a) de Ferro" />
<meta property="article:modified_time" content="2024-05-20T18:46:55+00:00" />
<meta property="og:image" content="https://talladeferro.com/wp-content/uploads/2021/02/1-2-e1709136282140.png" />
	<meta property="og:image:width" content="718" />
	<meta property="og:image:height" content="1078" />
	<meta property="og:image:type" content="image/png" />
<meta name="twitter:card" content="summary_large_image" />
<meta name="twitter:label1" content="Tiempo de lectura" />
	<meta name="twitter:data1" content="1 minuto" />
<script type="application/ld+json" class="yoast-schema-graph">{"@context":"https://schema.org","@graph":[{"@type":"WebPage","@id":"https://talladeferro.com/producte/wand-estanteria-flotant-llarga/","url":"https://talladeferro.com/producte/wand-estanteria-flotant-llarga/","name":"WAND (llarga) - Tall(a) de Ferro","isPartOf":{"@id":"https://talladeferro.com/#website"},"primaryImageOfPage":{"@id":"https://talladeferro.com/producte/wand-estanteria-flotant-llarga/#primaryimage"},"image":{"@id":"https://talladeferro.com/producte/wand-estanteria-flotant-llarga/#primaryimage"},"thumbnailUrl":"https://talladeferro.com/wp-content/uploads/2021/02/1-2-e1709136282140.png","datePublished":"2024-02-08T23:49:07+00:00","dateModified":"2024-05-20T18:46:55+00:00","description":"Tall(a) de Ferro - WAND (llarga) Estanteria de llibres flotants efecte torre de Tall(a) de Ferro. Aquesta peça única no només emmagatzema els teus llibres, sinó que crea una il·lusió artística amb un efecte de torre de llibres. Artesania de ferro.","breadcrumb":{"@id":"https://talladeferro.com/producte/wand-estanteria-flotant-llarga/#breadcrumb"},"inLanguage":"es","potentialAction":[{"@type":"ReadAction","target":["https://talladeferro.com/producte/wand-estanteria-flotant-llarga/"]}]},{"@type":"ImageObject","inLanguage":"es","@id":"https://talladeferro.com/producte/wand-estanteria-flotant-llarga/#primaryimage","url":"https://talladeferro.com/wp-content/uploads/2021/02/1-2-e1709136282140.png","contentUrl":"https://talladeferro.com/wp-content/uploads/2021/02/1-2-e1709136282140.png","width":718,"height":1078,"caption":"Estanteria, llibres flotants, creativitat, creativa, creatiu, artesania, ferro, minimal, disseny, Talla de Ferro, dona, feminisme, casa, decoració, mobiliari, a mida, personalitzat."},{"@type":"BreadcrumbList","@id":"https://talladeferro.com/producte/wand-estanteria-flotant-llarga/#breadcrumb","itemListElement":[{"@type":"ListItem","position":1,"name":"Inici","item":"https://talladeferro.com/"},{"@type":"ListItem","position":2,"name":"Productes","item":"https://talladeferro.com/shop/"},{"@type":"ListItem","position":3,"name":"WAND (llarga)"}]},{"@type":"WebSite","@id":"https://talladeferro.com/#website","url":"https://talladeferro.com/","name":"Tall(a) de Ferro","description":"L&#039;artesana del ferro.","publisher":{"@id":"https://talladeferro.com/#organization"},"potentialAction":[{"@type":"SearchAction","target":{"@type":"EntryPoint","urlTemplate":"https://talladeferro.com/?s={search_term_string}"},"query-input":{"@type":"PropertyValueSpecification","valueRequired":true,"valueName":"search_term_string"}}],"inLanguage":"es"},{"@type":"Organization","@id":"https://talladeferro.com/#organization","name":"Tall(a) de Ferro","url":"https://talladeferro.com/","logo":{"@type":"ImageObject","inLanguage":"es","@id":"https://talladeferro.com/#/schema/logo/image/","url":"https://talladeferro.com/wp-content/uploads/2024/03/logo_talla_de_ferro.svg","contentUrl":"https://talladeferro.com/wp-content/uploads/2024/03/logo_talla_de_ferro.svg","width":268,"height":163,"caption":"Tall(a) de Ferro"},"image":{"@id":"https://talladeferro.com/#/schema/logo/image/"},"sameAs":["https://www.instagram.com/talla_de_ferro/"]}]}</script>
<!-- / Yoast SEO plugin. -->

Tall(a) de Ferro - WAND (llarga) Estanteria de llibres flotants efecte torre de Tall(a) de Ferro. Aquesta peça única no només emmagatzema els teus llibres, sinó que crea una il·lusió artística amb un efecte de torre de llibres. Artesania de ferro.

Estanteria, llibres flotants, creativitat, creativa, creatiu, artesania, ferro, minimal, disseny, Talla de Ferro, dona, feminisme, casa, decoració, mobiliari, a mida, personalitzat.
